 2. Suppose 28 - t = -4*a. Is (-53610)/a + 2 + 2 a prime number?
False
Is (-2986548)/(-4)*(-3 + (-3 - (-133)/21)) composite?
False
Suppose 2*f - 10 = -3*f. Suppose -5*k - 1 = -4*z, -k - 4*z = k - 22. Suppose 3*t - f*t = 4*i - 4241, 3171 = k*i - 4*t. Is i a prime number?
True
Let d = 1032663 - 673184. Is d a prime number?
True
Suppose 4*n + 3*b = 85951, -85945 = 26*n - 30*n + 3*b. Is n prime?
True
Suppose -15*c - 58 = -17*c. Suppose -135362 = -c*s - 23973. Is s prime?
False
Let y be ((-4436)/(-32)*-2)/(5/(-20)). Suppose -2*u + 6*u = t - y, u = 3*t - 3294. Is t prime?
True
Suppose -3*r = -12*r + 3231. Let a = 51 - 111. Let w = r - a. Is w prime?
True
Let f be 16*-1*6/(-24). Suppose -f*p - 2*x = -33402, 2*p - 5*x + 4*x = 16703. Is p a composite number?
True
Let r = -449 + 443. Is (-8)/r - 75174/(-9) a composite number?
True
Let d(v) = -29 - 3*v + 14 - v**2 + 14 + v**3. Let s be d(-2). Let m(z) = -3*z**3 + z**2 - 8*z + 11. Is m(s) a prime number?
False
Let s(w) = -12*w**2 - w. Let m be s(1). Let g(b) be the second derivative of -b**5/20 + b**3/3 + 4*b**2 + 3*b - 52. Is g(m) prime?
True
Let t(r) be the third derivative of -3*r**4/4 - 13*r**3/6 - 22*r**2. Is t(-5) composite?
True
Let b = 127 - 123. Let v be (b/6)/(4 + 81475/(-20370)). Let t = -1635 + v. Is t a prime number?
False
Let q be 2 - -2 - ((3 - 1) + -20). Is -20 + q - ((-103)/1 + -1) a composite number?
True
Let r(z) = -z**2 + 19*z - 1. Let o be r(18). Suppose o*u - 20*u = -339. Suppose -u = 5*g - 6*g. Is g a prime number?
True
Let s(h) = h**2 - 2. Let b be s(-2). Let u = 439 + -440. Is 584/b - (u - 0) a prime number?
True
Let t(l) = -3*l**2 - 9*l + 195. Let w be t(7). Let g(o) = -o**2 - 1. Let r(s) = -s**3 - 32*s**2 - s + 9. Let u(c) = 4*g(c) - r(c). Is u(w) a prime number?
True
Suppose -36 = -3*n + 3*z + 30, 2*n = -2*z + 32. Let m(q) = q**3 + 301*q - 289*q - 19*q**2 - 5 - 12. Is m(n) prime?
True
Suppose 0 = 5*n + 35, 4*g - 3*n - 192796 = -13451. Is g prime?
False
Suppose 139*d - 153*d = 2828. Let u = 1415 + d. Is u a composite number?
False
Suppose 5*c = -3*n + 147906, n + 4*n - 246520 = -5*c. Is n composite?
False
Let t(b) = 6*b**2 - 26*b + 19. Let p(n) = n**2 - n - 3. Let i(x) = 4*p(x) + t(x). Is i(12) composite?
False
Suppose 42*l = -5*k + 41*l + 627528, 35 = -5*l. Is k a prime number?
True
Suppose 6*h - g + 14 = h, 5*h + 5*g = -20. Suppose -5*d + 19 = 4*a - 8*d, 2*a + 5*d + 23 = 0. Is (-4203)/h*a + -1 + -1 a composite number?
False
Suppose 65*u - 40179324 + 5247215 = 11995096. Is u composite?
True
Suppose 11*u - 38*u + 5746206 = -21*u. Is u prime?
True
Let i(v) be the second derivative of 5*v**4/12 - 7*v**3/3 - 31*v**2/2 + 60*v. Is i(-8) composite?
False
Let z(u) = -15*u + 10. Let l be z(-4). Let x = l + -65. Suppose 0 = -2*g - x*f + 873, g + 3*f - 347 - 87 = 0. Is g prime?
True
Let t(z) = 2*z**2 - 3*z + 1. Let n be t(2). Suppose -n = h + 1. Is 97*(12/(-3))/h composite?
False
Is 5/((-15)/(-18)) - (-6785 - (10 - 10)) prime?
True
Suppose 0 = -3*b + 2*l + 891, -4*b - 2*l = 3*l - 1165. Suppose 4*r - 236 = 2*g, -5*r - 4*g = -0*g - b. Let c = r - 4. Is c prime?
False
Suppose r + 443067 = 4*x, -x - 20*r = -24*r - 110763. Is x a composite number?
True
Let k = 87389 - 31482. Is k prime?
False
Let r = -268 - -271. Suppose 2*h - 2*o = 584, o = -3*h - r*o + 841. Is h prime?
False
Let h(z) = 192*z**2 - 62*z + 811. Is h(-63) prime?
False
Let n(d) = 736*d**2 + 5*d + 5. Let x be 0*(-3)/18*3. Suppose -4*r + 3*t + 7 = 0, -5*r + t - 5 = -x. Is n(r) prime?
True
Let b(s) = 186*s**2 - 43*s + 11. Let y be b(-10). Suppose 0 = 28*d - 25*d - y. Is d a prime number?
False
Let f(v) = 5*v**2 - 217*v + 31. Is f(50) composite?
True
Let a be 18/30 - ((-16)/(-10) + -3). Suppose 2 - 4 = -a*b, -b = -3*h + 11. Suppose -h*n + 163 + 621 = 4*t, -n = 5. Is t a composite number?
True
Let a = 28900 + -19373. Is a a prime number?
False
Let j = 98 + 456. Is j a prime number?
False
Let w = 6164 - 3525. Suppose 0 = 3*i + 3*u - 10692, 4*i - 2*u - w - 11611 = 0. Is i a composite number?
True
Suppose p - 4*q = -120, 11 = -p - q - 134. Let w = p + 214. Suppose -76*k + w*k + 422 = 0. Is k a composite number?
False
Suppose 43*m = 521952 + 58591. Is m a prime number?
False
Let j(v) = 383*v - 39. Let k be j(13). Suppose 2*a + k = 5*s - 9119, 14049 = 5*s + 3*a. Is s a composite number?
True
Suppose 0 = 10*k - 284 + 44. Suppose -13*l + k*l = 86471. Is l a composite number?
True
Let b = 645 - 1063. Is (b - 1)*5/(-1) composite?
True
Is 5 - (-352)/(-33)*-768 prime?
False
Let d be (-1 - -5 - 2)*-1316. Let f = -4060 - -7759. Let v = d + f. Is v a composite number?
True
Let p = -86021 - -120690. Is p composite?
True
Suppose -4*m + 6*z + 765017 + 55409 = 0, 5*m - z = 1025552. Is m a prime number?
True
Suppose a - 5*u = 6676, 3*u - 5947 - 769 = -a. Let q = a + -3430. Is q a prime number?
True
Suppose -5*g = 4*z - 3 - 4, 0 = 2*g + 5*z + 4. Suppose g*r - 42243 = 5*o - 12686, 8 = 2*o. Is r composite?
False
Let v(k) = 3900*k**2 - 309*k - 1957. Is v(-6) a prime number?
True
Let u(d) = -d**3 + 16*d**2 - d + 14. Let q be u(16). Let g be ((-80)/(-10))/((-4)/q). Suppose g*b = -229 + 753. Is b prime?
True
Let z = -4863 + 19814. Is z composite?
False
Suppose -1439163 = 32*q - 65*q. Is q prime?
False
Let j = -301 + 316. Is j*(-7)/(-21) + 4194*4 a prime number?
False
Is 4 - ((-3)/(-11) - (-3050000)/(-110)) prime?
False
Let i be 10 + (-9401)/(-102) + (-2)/12. Suppose 1765 = 103*w - i*w. Is w composite?
True
Suppose -6 = -3*c, -2*m + 6775 + 18165 = -3*c. Is m composite?
False
Suppose 2*b - 4 = 0, -3*b = 3*h - 0*b - 18. Let g be (2 - -2)/((8/h)/(-2)). Is -683*g/(4 + 0) composite?
False
Suppose 0 = -20*m - 5*m + 8275. Is m a prime number?
True
Let i(f) = f + 115. Let n be (-591)/36*2 + 6/(-36). Is i(n) a composite number?
True
Let f(u) = -2683*u + 679. Is f(-10) a composite number?
False
Let z = 31 + -31. Suppose -12 = 4*y, -3*x - 4*y - y + 6654 = z. Suppose 8*d - x = -d. Is d a prime number?
False
Let a(s) = 13*s**3 - 2*s**2 - 3*s + 9. Suppose -2*w + 5*w - 15 = 0. Suppose -32 = w*k - 52. Is a(k) a composite number?
False
Is (-442735)/(-10)*24/(-60)*-5 prime?
True
Let t be (3 + 0 - 4)/((-2)/8). Suppose -t*m = -3*a + 22, -m + 1 = 3*a - 1. Suppose -a*j - 5*o = -69, -4*o + 3*o - 186 = -5*j. Is j composite?
False
Suppose -3*v = 2*n - 177, 3*v - 258 = n - 4*n. Let k = n - 60. Is ((-316)/(-6))/((-7)/(k/(-2))) prime?
True
Let k be (27/18)/3*-204. Let f = -217 - -416. Let w = f + k. Is w a composite number?
False
Let j(k) = 3*k**3 - 8*k**2 + 14*k + 58. Let n be j(19). Let v = 4038 + n. Is v a composite number?
False
Suppose 92*v + 811055 = 3263959. Is v a composite number?
True
Let z = 199128 - 92530. Is z composite?
True
Is (56961/(-54))/(17/(-102)) a composite number?
False
Is 149585/25*((10 - 4) + 29) composite?
True
Suppose 0 - 3 = 3*l, l - 35 = -3*p. Suppose -476 = -p*h + 5176. Is h composite?
True
Suppose -42*d + 37*d - 47600 = 0. Let u = -3989 - d. Is u composite?
False
Let m = -119600 + 269429. Is m prime?
False
Let r = -29 + 33. Suppose -r = 2*s - 50. Is s composite?
False
Let f(j) = -j**3 + 23*j**2 + 29*j - 48. Let v be f(22). Suppose -1079*r + v*r + 107335 = 0. Is r a composite number?
False
Let z be 4/(((-21)/(-7))/((-3)/(-2))). Suppose d - 776 = p - 2*p, z*p = 5*d - 3859. Let q = d + 26. Is q a prime number?
False
Let k(a) = 54*a**2 - 18*a - 33. Let j be k(19). Suppose -71*p - j = -74*p. Is p a prime number?
True
Is (-9)/42*4 - 769772/(-28) composite?
True
Let z(d) = -6950*d + 1179. Is z(-49) a composite number?
False
Suppose -15 = 4*o + 45. Is -4*3/(-9) + (-21565)/o a composite number?
False
Is (-36410)/(-66)*1266/10 prime?
False
Let g(c) be the first derivative of 1952*c**3 - 7*c**2 + 8*c + 14. Let h(b) = 1464*b**2 - 3*b + 2. Let y(o) = -2*g(o) + 9*h(o). Is y(-1) a composite number?
True
Let w(a) = 5*a**2 - 2*a - 5. Let u(f) = f**2 - 5*f - 1. Let b be u(6). Suppose -l - l + q - 17 = 0, -l - 13 = -b*q. Is w(l) prime?
True
Let o be 364/195 + 4/30. Suppose -p = -3*q - 12091, o*q = -0*q - 5*p - 8089. Let x = -1699 - q. Is x a composite number?
False
Suppose 8*s + 35 = 3*s. Let i = s + 9. Is (3/5)/(4/8920*i) prime?
False
Suppose -31*h + 21736 = -23*h. Let p = h + 2465. Is p a composite number?
True
Suppose 0 = -3*w + 4*t + 56, 0 = 5*w - 7*w + t + 44. Suppos